(i) = -2*i**2 + i - 9*i**2 + i**3 + 165 + 12*i**2. Let b be 0/(-1 - -3) - 0. Let q be h(b). What is the greatest common factor of 15 and q?
15
Suppose 0 = 4*y + 3*z - 1168, -4*y - 2*z + 793 = -371. What is the greatest common factor of 51 and y?
17
Let o(f) = -16*f + 244*f**2 + 16 + 0*f**3 - 112*f**2 - 120*f**2 - f**3. Let j be o(10). What is the highest common factor of 8 and j?
8
Suppose -4*f = 65 - 245. Let s(g) = 2*g + 23. Let v be s(-7). Calculate the greatest common factor of v and f.
9
Suppose 0 = -0*x + 2*x - 108. Calculate the highest common divisor of x and 729.
27
Let f(p) = -13*p**2 - p + 2. Let m = 22 - 20. Let v be f(m). Let u be (-13)/(v/120) + 0. What is the highest common factor of 12 and u?
6
Suppose 6 = -4*g - d, -2*g - 5 - 7 = -4*d. Let x be 207/63 - g/(-7). What is the highest common divisor of x and 6?
3
Let d(h) = -h**3 + h**2 + 21. Let m be d(0). Let q = 234 - 192. Calculate the greatest common factor of m and q.
21
Let m be -2 + (-4)/4 - -10. What is the highest common divisor of 42 and m?
7
Let p be (0 - -1)*(12 + -3). Let y(b) = -b**3 + 7*b**2 + 7. Let w be y(3). Suppose 45*d - w*d - 90 = 0. Calculate the greatest common factor of d and p.
9
Let p = -20 + 30. Suppose -2*t + 33 = -47. Let d be (t/12)/(1/3). What is the greatest common divisor of d and p?
10
Let g = 297 - 187. Calculate the greatest common factor of g and 165.
55
Let t(z) = z**3 - 3*z**2 - 3*z - 4. Let n be t(4). Let o(r) = 5*r + 54. Let x be o(n). Calculate the highest common divisor of 6 and x.
6
Suppose -294 = -8*a + 282. Let q be 6/(-4)*-2*8. What is the greatest common divisor of a and q?
24
Suppose -3*w + 35 = -5*h, 2*w = h - 7 + 28. Suppose -5*i + 45 = -5. Let a be (-4)/i - 7/(-5). Calculate the highest common divisor of a and w.
1
Suppose -p = 2*p - 3*m - 33, p - 3*m = 7. What is the greatest common divisor of p and 13?
13
Suppose -4*o + 8*o = -4, 0 = -5*g - 2*o - 12. Let i(k) = 3*k**2 - k. Let r be i(g). Calculate the greatest common divisor of 56 and r.
14
Let n(x) = 50*x + 288. Let v be n(14). Calculate the greatest common divisor of v and 52.
52
Suppose 4*u - 16 - 8 = -4*x, 3 = -2*u + 3*x. Suppose 0 = -u*i + 6*i - 168. Calculate the highest common factor of 7 and i.
7
Let f = -503 - -516. What is the greatest common factor of f and 91?
13
Let c = 921 + -552. What is the highest common factor of 82 and c?
41
Let i be 1/(-2 - 33/(-15)). Suppose -d - 12 = -i*d. What is the greatest common divisor of 27 and d?
3
Suppose 398*d = 404*d - 78. What is the greatest common divisor of d and 13?
13
Let g(f) = -12*f - 45. Let c be g(-8). What is the highest common factor of c and 459?
51
Let v = -701 - -702. Let t(n) = -9*n + 7. Let j be t(5). Let w be (-5)/(-3)*(v - j). What is the greatest common divisor of w and 13?
13
Let x(u) = 21*u - 9. Let l be x(2). Calculate the greatest common factor of 1353 and l.
33
Let f(x) be the first derivative of -5*x**3/3 - 3*x**2 - 2*x + 2. Let n be f(-2). Let y be (38/(-95))/(2/n). Calculate the greatest common divisor of 16 and y.
2
Let c(a) = -10*a - 17. Let u be c(-2). What is the highest common factor of 69 and u?
3
Suppose 0 = z - 9 - 7. Suppose 5*x = x + 2*h + 708, -2*h = 4. What is the highest common factor of x and z?
16
Suppose -4*g - 303 = -5*a, -3*g + 173 = 3*a - g. Suppose a = 4*w - 621. What is the greatest common factor of w and 34?
34
Let c = 6 + -10. Let o(z) = -6*z. Let m be o(c). Suppose l = -l + m. What is the greatest common factor of l and 18?
6
Let y be 7/((-4)/12*6/(-28)). Let h = y - 83. Calculate the greatest common divisor of h and 165.
15
Let m be 12/2*(-152)/(-12). Suppose -4*o + 2*i = -26, -4*o - 15 = 5*i - m. What is the highest common factor of o and 15?
3
Suppose 0*v - 2*v = 0. Suppose v*r + 68 = r. Let a = 220 - r. Calculate the greatest common divisor of 19 and a.
19
Let n(h) = -15*h**2 + 2*h + 3. Let b be n(-1). Let p(z) = -3*z - 39. Let d be p(b). Calculate the greatest common divisor of 12 and d.
3
Let q = -31 + 45. Suppose 440 - 136 = 8*w. Suppose 4*v - w + q = 0. Calculate the greatest common divisor of v and 6.
6
Let x = 12 - 11. Let h(j) = 13*j + 1. Let o be h(x). What is the greatest common factor of o and 84?
14
Suppose 977*k + 2736 = 985*k. Calculate the greatest common factor of k and 57.
57
Suppose -x - 3*x + 20 = 0. Let n(i) = 2*i**2 + 15*i - 19. Let q be n(-12). Let g = -64 + q. Calculate the greatest common divisor of g and x.
5
Suppose -4*v + 8*v + 3*x - 609 = 0, 309 = 2*v + 3*x. Let c(l) = -2 + 1 + 24*l**3 - 2 + 4. Let n be c(1). What is the highest common factor of v and n?
25
Suppose 0 = 7*a - 17*a + 990. Calculate the highest common divisor of 22 and a.
11
Let b(x) = 12*x**2 + 4*x + x**3 - 1 + 15*x**2 - 33*x**2. Let f be b(5). Let z be (28/(-6) + 2)*f. Calculate the greatest common factor of 2 and z.
2
Suppose 1504 = 78*z + 490. Let u be 0 + -2 + 0 + 41. Calculate the greatest common divisor of u and z.
13
Suppose -7722 = -4*v - 35*v. Calculate the greatest common factor of v and 330.
66
Let k be (-533 + 17 + -14)/(0 + -2). Calculate the highest common factor of k and 5.
5
Suppose -82*g = -81*g - 10. Suppose -3*w + 3*r + 122 = -19, 0 = -w - r + 53. Calculate the greatest common factor of g and w.
10
Let b(t) = t**3 - 11*t**2 + 27*t - 10. Let y be b(8). Calculate the highest common divisor of 35 and y.
7
Suppose 7*w - 3*w - m - 1412 = 0, w = -3*m + 353. Suppose -452 = -3*l + 4*r, 2*l + 4*r - w = -25. What is the highest common factor of l and 39?
39
Let r be (800/(-120))/(37/(-36) + 1). What is the greatest common divisor of r and 30?
30
Let t(d) = -14*d + 22. Let f be t(-3). Let s = 8 - 0. What is the greatest common factor of s and f?
8
Let n = -40 + 50. Let p = n + 5. Calculate the highest common divisor of p and 165.
15
Let u(t) = t + 13. Let d be u(-10). Suppose 4*f = -4, -f - 44 = -2*g + d*f. What is the greatest common divisor of g and 180?
20
Suppose c = f, -3*f + 2*f = -3*c - 6. Let q(x) = x**2 + 15*x + 42. Let r be q(-12). Let j be ((-18)/4)/(f/r). What is the greatest common divisor of j and 1?
1
Suppose 256 = 2*c - 0*c + 4*x, 16 = 4*x. Calculate the highest common divisor of c and 15.
15
Suppose 2*w = 6*w + q - 13, -2*q + 5 = w. Suppose w*s = 2*g + 3*g - 5, 5*s - 2 = -2*g. Suppose s = -2*j + 5 + 3. What is the highest common divisor of j and 36?
4
Suppose -11*t = w - 8*t - 115, -5*w - 5*t = -625. Calculate the greatest common divisor of 195 and w.
65
Let p(h) = -2*h + 82. Let r be p(-39). What is the greatest common divisor of 352 and r?
32
Let s(j) = -j**3 - 4*j**2 - 3*j - 2. Let q be s(-4). Let z be (-1 - -23) + -14 + q. What is the highest common divisor of 6 and z?
6
Let y = -1941 + 2071. Calculate the greatest common divisor of y and 117.
13
Let c(t) = t - 9. Let m be c(6). Let p = 7 + m. Let j be ((-56)/(-42))/((-2)/(-12)). Calculate the greatest common divisor of j and p.
4
Let x(s) = -s**3 - 8*s**2 - 6*s + 3. Let t be x(-7). Let d be t/(-6) - (-367)/3. Let n = 233 - d. Calculate the greatest common factor of 44 and n.
22
Suppose 357*z = 363*z - 66. Calculate the highest common factor of z and 88.
11
Let w = -16 + 26. Suppose -n = -w + 2. Let j = n - 6. What is the highest common factor of j and 20?
2
Suppose -5*w = 3*f - 15, 3*w = -0*f - 4*f + 9. Suppose 0 = -f*m + m - 297. What is the highest common factor of m and 27?
27
Let c be (12/(-10))/((-12)/30). Suppose 5*u + 5*b = 445, -2*b + c*b - 269 = -3*u. Calculate the greatest common divisor of u and 10.
10
Suppose -25*y + 21*y + 56 = 0. What is the highest common divisor of 182 and y?
14
Let t(r) = 5*r**2 + 2*r - 19. Let h be t(-3). What is the greatest common divisor of h and 12?
4
Suppose -z + 641 = 5*b, z + 37*b - 36*b = 625. Calculate the greatest common divisor of 46 and z.
23
Let m(o) = 9*o**2 - 136*o + 18. Let p be m(16). What is the greatest common factor of p and 438?
146
Suppose -4*d - 4*s = -5*d + 57, 0 = 2*d - s - 93. What is the highest common factor of 180 and d?
45
Suppose 0*n + 64 = 4*n. Suppose -2*g - 2*q = -n, -3*g + 3*q = g - 18. What is the highest common factor of 6 and g?
6
Let h(d) = d**3 + 14*d**2. Let k be h(-14). Suppose -8*w + k*w = -768. Calculate the highest common factor of 12 and w.
12
Suppose 0 = -r + 8. Suppose 0 = -5*a - 5*b - 10, 2*a - 12 + 1 = b. Suppose 